**3 - 10*p**2 + 4. Let l(q) = 2*q**3 - 9*q**2 - q + 3. Let a(u) = -4*l(u) + 3*w(u). Give a(-5).
5
Let k be 4 + -4 + (2 - 0). Let v(d) = -k*d**2 + 5*d**2 - 4*d**2 + 4 + 2 + d. Determine v(0).
6
Let w(z) = z. Let y(s) = s**2 + s. Let a(o) = w(o) - y(o). Determine a(1).
-1
Suppose -i = 3*i + 24. Let t be 2/((-3)/(27/i)). Let u(h) = -t*h + 4 - 12*h + h**3 - 3*h**2 + 13*h. Give u(3).
-2
Let v(p) = p**3 - 3*p**2 + 3*p - 8. Let t(x) = -x**2 + x - 1. Let u(a) = 4*t(a) - v(a). Give u(0).
4
Let g(k) = 1 - k - 5 - 3. Let q = -54 + 49. Let v be g(q). Let u(t) = 4*t. Calculate u(v).
-8
Let z be 7*((2 - 7) + 4). Let p(c) = -c**3 - 7*c**2 + c + 3. Determine p(z).
-4
Let t(p) be the second derivative of 7/2*p**2 - 1/20*p**5 + 0 + 4*p - 1/2*p**4 - 1/2*p**3. What is t(-5)?
-3
Let c(f) be the third derivative of 29*f**6/120 + f**5/60 + f**4/24 - 32*f**2. Calculate c(-1).
-29
Let y(o) = -3*o**3 + 2*o**2 - 7*o - 42. Let a(w) = -2*w**3 + w**2 - 4*w - 21. Let f(m) = 5*a(m) - 3*y(m). What is f(0)?
21
Suppose -2*w + 1 = -3. Suppose 4 = k + w. Let z(u) = -k*u + 4 - u + 0*u. Calculate z(3).
-5
Let f(o) = 3 + 8 - 6 + 7*o. What is f(-4)?
-23
Let w(u) be the first derivative of u**4/4 + 2*u**3/3 - 3*u**2/2 - 2*u - 47. Determine w(-3).
-2
Let c = -9 - 2. Let a = c - -7. Let v be 34/9 - a/18. Let u(w) = w**3 - 3*w**2 - 5*w + 1. Calculate u(v).
-3
Let p(f) be the second derivative of -f**5/10 + f**3/6 + f**2 + 35*f. What is p(2)?
-12
Let n(r) = 3 - 2*r - 1 + 3*r. Determine n(4).
6
Let m(g) = 14*g**2 + g**3 + 8*g**2 + 6*g**2 + 3 - 30*g**2 + 2*g. What is m(3)?
18
Let s(w) = -6*w**3. Suppose -n - 8 = n - 2*h, 3*h = n + 2. Let g be (n/2 + 1)*-2. Suppose -z - 2 + g = 0. Give s(z).
-6
Let b(d) be the first derivative of -d**2/2 + d + 25. Calculate b(8).
-7
Let n(d) = 27 - 27 - 9*d**2 - d. Calculate n(1).
-10
Suppose 2*g = -28 + 8. Let v = g + 6. Let u(p) = p + 5. Give u(v).
1
Let j(l) = 3*l**3 + 7*l**2 + 3*l - 3. Let r = 8 - 3. Suppose -33 = r*a + 2. Let o(q) = 5*q**3 + 13*q**2 + 5*q - 5. Let y(p) = a*j(p) + 4*o(p). Determine y(3).
-2
Let v(h) = 56*h**3 - 2 + 1 - 47*h**3 - h**2 + h. Determine v(1).
8
Let g(q) = 0*q**2 + q**2 + 0*q**2 + 6*q + 4. Suppose 2*v - 26 = 4*m - 7*m, 2*v - 14 = -m. Suppose -6 = 4*y + m. What is g(y)?
-5
Let s(d) be the second derivative of -d**5/30 + d**4/8 + d**3/6 + d**2/2 - 2*d. Let f(w) be the first derivative of s(w). Determine f(3).
-8
Let f be -1 + 3/9*0. Let y(s) = s**2 + 0*s**3 + 5*s**3 - 3 + 8 - 4 + s. What is y(f)?
-4
Let r(u) = -u**3 + 4*u + 3. Let q be r(0). Let j(k) = -2*k**2 + 4*k - 1. What is j(q)?
-7
Let h(n) = n - 2*n + 0 - 2. Let b = -37 - -59. Suppose 5*y + b = -j, 2*y + 18 = -4*j + 2. What is h(y)?
2
Let y(j) be the first derivative of j**4/24 - 2*j**3/3 - j**2/2 + 3. Let h(o) be the second derivative of y(o). Give h(4).
0
Suppose 0 = 4*q - 0*q. Suppose 2*d - 10 + 2 = q. Suppose 0*h = -d*h. Let o(m) = -m**2 - m - 3. What is o(h)?
-3
Suppose -p = 2*p. Let m be 2/(2/(2 + 2)). Suppose m*g = -p*g + 4. Let y(f) = 4*f + 1. Determine y(g).
5
Let v = 5 + -4. Suppose -4*n = 3*a - v, -3*n - 4 = -a - 8*n. Let u(s) = 6*s - 1. Give u(a).
-7
Let u(a) = 8 + 3*a**2 - a - 2 + 6 + 3*a**3 - 4*a**3. Let g(s) = 4*s**3 - 10*s**2 + 3*s - 35. Let l(n) = -2*g(n) - 7*u(n). Give l(0).
-14
Let z(l) be the third derivative of l**4/24 + 7*l**3/6 - 8*l**2. Determine z(-6).
1
Let n = -1 - -3. Suppose -n*w - w = -6. Let p(h) = -3*h + w - h**2 - 1 + 2*h + h**3. Determine p(0).
1
Let w(j) = -j**2 - 7*j + 6. Let a(h) = h**3 - 5*h**2 + 4*h - 2. Let q be a(2). What is w(q)?
12
Let a = 1 - 4. Let c = 3 - 1. Let r(t) = -c*t + 6 + 0 - 3 + 3*t. What is r(a)?
0
Let j = 10 - 6. Let s(v) = 2*v - 3*v**2 + 4 - 3*v + j*v**2. Give s(0).
4
Suppose -2*n + 14 - 10 = 0. Let m(j) = -j**3 + j**2 + 2*j - 2. Determine m(n).
-2
Suppose n - 6 = 6. Let b = -9 + n. Suppose b*v - 2 = 4. Let p(u) = -2*u**2 + 3*u - 3. Determine p(v).
-5
Let o = -13 + 15. Let u(l) = -2*l**o - 7 + l**2 + 2*l**2 - 4*l + 4. Give u(6).
9
Let l(b) = -b. Let p(v) be the first derivative of -7*v**2/2 + 4*v - 2. Let w be ((-3)/9)/(1/(-3)). Let u(h) = w*p(h) - 6*l(h). Give u(-3).
7
Let z(o) be the third derivative of o**4/24 + o**2. Let i = 11 + 0. Let f(p) = p**2 - 11*p + 1. Let u be f(i). Determine z(u).
1
Let f(s) = -s**2 - 3*s + 1. Let i be f(-4). Let m(b) = -2*b**2 + 2*b - 3. Let w(d) = -3*d**2 + 2*d - 3. Let z(y) = -4*m(y) + 3*w(y). Determine z(i).
0
Let z(l) = l + 13. Let g(o) = -6*o**2. Let c be g(-1). Determine z(c).
7
Let l(w) = w**3 + 11. Let t(j) be the third derivative of 0*j + 1/24*j**4 + 0 - 1/6*j**3 + 2*j**2. Let k be t(1). Give l(k).
11
Let c(q) = -q**2 - 5*q + 3. Let y = 41 + -45. What is c(y)?
7
Let z(a) be the third derivative of 3*a**2 + 0*a**3 + 0 - 1/24*a**4 + 1/12*a**5 + 0*a. What is z(-1)?
6
Let m(i) be the third derivative of i**4/24 - i**3 - 12*i**2. Suppose -g - 3*g - 32 = 0. Let q be 3/12 - (-2)/g. Determine m(q).
-6
Let v = -1 - -2. Suppose -1 - 8 = -3*l. Let s(r) = -4*r**3 - 5*r + 4*r - 2*r**l + 1 - r**2. Calculate s(v).
-7
Let j(v) = 2*v**2 - 3*v**2 + 2*v**3 - 3*v**3. Let i be j(-2). Let q = i + 0. Let g(l) = -l**2 + 4*l + 3. What is g(q)?
3
Let h(q) be the second derivative of 1/20*q**5 + 2*q + 0 + 1/12*q**4 + q**2 + 1/6*q**3. Suppose 2*s = -3*l, 5*s + 1 = -5*l + 2*s. Determine h(l).
-4
Suppose -3*x - 4*b + 1 = 0, 2*x + b + 5 = 3*x. Let w(a) = x - 4 - 5*a**3 + 0*a**3. Calculate w(1).
-6
Let p(y) = y + 3. Suppose 17*o = 22 + 29. Give p(o).
6
Let k(w) = -2*w**2. Let q = -25 + 24. What is k(q)?
-2
Let q(i) be the first derivative of -5*i**4/12 - i**3/6 + 4*i + 2. Let m(w) be the first derivative of q(w). Give m(-1).
-4
Let r(y) = y**3 - 5*y**2 + 2*y - 6. Let x(l) = -7*l - l**2 + 3*l - 4 - l**3 - 3 + 8*l**2. Let h be x(6). Calculate r(h).
4
Let w(o) = o**2 + 4*o + 7. Suppose 0 = -5*c - k + 4, -3*k = -3*c - 6 - 6. Suppose l - 25 = 5*q, -4*q - l + 0*l - 20 = c. Calculate w(q).
12
Let q be (-13)/(-13)*5*(-2 - -1). Let c(k) = -k - 9. Calculate c(q).
-4
Let c(j) = -7*j**3 + 4*j**2 - 7*j - 5. Let q(w) = -3*w**3 + 2*w**2 - 3*w - 2. Let x(t) = 2*c(t) - 5*q(t). What is x(2)?
2
Let k(u) = u**3 - u**2 - u - 4. Let q(y) = -y**2 - 5*y - 3. Let n be q(-4). Suppose 8 = 3*f - n. What is k(f)?
11
Suppose -3*v - 75 = 2*v. Let j be v/(-9) + 2/6. Let x(a) = -4 - a**3 + 7 - 4 + a**2. Calculate x(j).
-5
Suppose -2*q = 1 + 5. Let w be ((-9)/6)/q*2. Let z(g) = -10*g**2 + g. Give z(w).
-9
Let k(c) = -c**3 + 3*c**2 + 4*c + 2. Let t(b) be the third derivative of 1/3*b**3 + b**2 + 1/24*b**4 + 1/60*b**5 + 0 + 0*b. Let s be t(-2). Give k(s).
2
Let j(s) = s + 8. Suppose 3*b - b + 12 = 0. Let n be j(b). Let c(k) = -k**n + k - 3*k**3 + 4*k**2 + 4*k**3. What is c(-3)?
-3
Let c = -3 + -2. Let h(z) = z**2 + 6*z - 1. Give h(c).
-6
Let g(r) = -20*r**3 - 9*r**2 + 20*r - 23. Let v(f) = 7*f**3 + 3*f**2 - 7*f + 8. Let c(a) = 6*g(a) + 17*v(a). Let u be c(-3). Let o(x) = x. Determine o(u).
-5
Let l(p) = 15*p + 5 + 0 - 16*p. Determine l(0).
5
Let g(s) = -s**3 - 9*s**2 + 21*s - 11. Let d be g(-11). Let t(k) = -k - 2*k**3 + 4*k**3 - k**2 - k**3 + 3. Calculate t(d).
3
Suppose 4*l = -9 + 41. Let i(b) = b**3 - 8*b**2 - 2*b + 8. What is i(l)?
-8
Let h be -1 + (0/2)/(-1). Let j be h - -1 - 0/5. Let w(f) = f**3 - 7*f**2 + 8. Let d(r) = -r**3 + 8*r**2 - 9. Let z(t) = -6*d(t) - 7*w(t). Determine z(j).
-2
Let d(v) be the third derivative of 1/24*v**4 + 0*v + 1/60*v**6 - 7*v**2 - 1/20*v**5 + 0 + 1/3*v**3. Give d(2).
8
Let v be (2/4)/((-9)/(-18)). Suppose k - 2*k = a - 3, -2*k = -4*a. Let r(q) = -2 - 2*q**2 + 3 + 0 + q**k. What is r(v)?
0
Let u(s) be the second derivative of s**3/6 + 2*s**2 + 2*s. Suppose 2*g + 16 = -2*g - 4*l, 0 = -5*g - 4*l - 19. What is u(g)?
1
Suppose n - 5*m = -n + 39, m + 86 = 5*n. Suppose 3*x = -15, -5*x - 4 - n = -2*v. Let s = 2 + v. Let o(c) = -c + 6. What is o(s)?
6
Let m(n) be the first derivative of -n**4/4 + n**3/3 + n**2/2 + n - 1. Calculate m(0).
1
Let l(x) = x**3 - x + 2. Let u(o) = -o + 18. Let a be u(16). What is l(a)?
8
Let m(t) = t**2 - 3*t + 2. Let a = 0 - 0. Suppose 3*z - 6 = 0, 5*j - 32 = -a*j + 4*z. Let b(g) = g**2 - 8*g + 2. Let d be b(j). Calculate m(d).
0
Let y(d) = -d - 1. Let n be y(3). Let r(m) be the third derivative of m**4/24 + m**3/6 - 6*m**2. Calculate r(n).
-3
Suppose -2*c - 3*c - 10 = 0. Let y(d) 